e -5*q + 14 = -11. Suppose q*n + 0*n - 115 = 0. What are the prime factors of n?
23
Suppose 8*x = 4*x - 2*q + 2700, -3*q - 2700 = -4*x. What are the prime factors of x?
3, 5
Suppose 0 = 3*u - 4*u + 9. Let m = u - 5. Suppose -m = -l + 3*w + 12, -l = -5*w - 12. List the prime factors of l.
2, 11
Let p = 1718 - 1196. What are the prime factors of p?
2, 3, 29
Let t(a) = a - 4. Let h be t(6). Suppose -8*x = -h*d - 4*x + 28, 4*x = -2*d + 52. List the prime factors of (-922)/(-18) - d/90.
3, 17
Suppose -5*m - 11*m - 1376 = 0. Let s = 118 - m. What are the prime factors of s?
2, 3, 17
Let c(x) be the second derivative of x**4/12 + x**3/6 + 10*x**2 - 2*x. Suppose 0 = 5*j - 2*j. What are the prime factors of c(j)?
2, 5
Let b = 13731 + -9715. What are the prime factors of 2/11 - b/(-176)?
23
Suppose 0 = 25*a - 21*a - 2668. List the prime factors of a.
23, 29
Let r(a) = a**3 + 5*a**2 + 13*a + 42. Let j be r(-6). Let o = -358 - -237. Let u = j - o. What are the prime factors of u?
7
Suppose -143 = -4*c - 3*z, z = c + 3*z - 32. Let f(h) = 0*h + c + 5 + 0 - h. What are the prime factors of f(0)?
43
Let z(g) = 2*g - 12. Suppose -5*k - 140 = -3*j, 3*k - 4 - 11 = 0. Suppose 29 - 7 = 2*t - 3*d, 5*t - d - j = 0. What are the prime factors of z(t)?
2, 5
Suppose -5*n = -4*g - 1202, 2*g + 729 = 3*n - 3*g. What are the prime factors of n?
2, 7, 17
Let u(g) = -2*g**3 + 10*g**2 + 13*g - 7. List the prime factors of u(5).
2, 29
Suppose b + 5*k = 3*k - 5, b + 5*k + 20 = 0. Suppose 221 = b*r + 1. List the prime factors of r.
2, 11
Let c = 655 + -341. List the prime factors of c.
2, 157
Let f = -4359 + 10536. What are the prime factors of f?
3, 29, 71
Let n(f) = 37*f**2 + 11*f - 4. List the prime factors of n(3).
2, 181
Suppose 2*t - 5*t + 19 = 5*g, g - 5*t = -13. Let i be (3/6)/(g/12). Suppose 5*v + 43 = n, -i*n - 4*v + 209 = v. What are the prime factors of n?
3, 7
Let f(z) = -z**3 - 4*z**2 - 3*z + 4. Let u be f(-3). Suppose 44 = -u*o - 5*d + 138, -4*d = -4*o + 112. What are the prime factors of o?
2, 13
Suppose i + 3*u + 15 = 2*u, -3*i + u = 33. Let j = -17 - i. Let c(h) = 2*h**2 + h - 7. What are the prime factors of c(j)?
2, 19
Let q = -2415 - -5269. What are the prime factors of q?
2, 1427
Let q(s) be the second derivative of s**4/6 - s**3/6 - s**2/2 - 5*s. List the prime factors of q(-4).
5, 7
Suppose -9*u = -13*u - 212. Let r = -48 - -22. Let p = r - u. What are the prime factors of p?
3
Let d = 290 - 75. What are the prime factors of d?
5, 43
Suppose 59 + 749 = -4*y. Let a = y - -144. Let f = a - -92. What are the prime factors of f?
2, 17
Let u(w) = w**3 + 4*w**2 - 6*w + 2. Let o be u(-5). Suppose 14 = o*z - 0. Suppose 2*n - z = -2*t, -5*t + 9 = -0*n + n. List the prime factors of t.
2
Suppose -18*c + 3352 = 472. What are the prime factors of c?
2, 5
Let d(l) = l**2 + l + 10. Let t be 2/11 - (-62)/22. Suppose -3*v + 8 = 4*n, 0*n - 6 = -v - t*n. What are the prime factors of d(v)?
2, 5
Let i(c) = c**3 + 5*c**2 + 4*c + 1. Let w be i(-4). Let u(p) = w + 1 + 2 - 12*p + 2*p. List the prime factors of u(-4).
2, 11
Suppose 3450 = 18*b - 5928. What are the prime factors of b?
521
Suppose 24 = j + 2*j + 3*k, 4*k + 4 = 0. Let x(d) = -31*d - 34*d + 3 + 99*d - 33*d. List the prime factors of x(j).
2, 3
Suppose n + 5*x - 43 - 80 = 0, x = -n + 139. What are the prime factors of n?
11, 13
Suppose z - 10 = -z. Let r(w) = w**3 - 6*w**2 + 7*w - 5. Let j be r(z). Suppose -j*n = -10 - 5. List the prime factors of n.
3
Suppose 0 = -w + 4*j + 712, -2863 = -4*w + 13*j - 12*j. List the prime factors of w.
2, 179
Suppose -28 = -4*m + 4*a - 2*a, -4*m + 28 = -a. Let k = 20 + m. List the prime factors of (58/3)/(18/k).
29
Suppose 5*o - 10*o = -1265. Suppose 179 = 2*i - o. List the prime factors of i.
2, 3
Suppose -4*q = -4*s + 2024, -4*q + 2 = 14. What are the prime factors of s?
503
Let g = 8 + -4. List the prime factors of g/(-14) + (-12)/(-56)*104.
2, 11
Let t = 1387 + -848. List the prime factors of t.
7, 11
Let g = -67 + 68. What are the prime factors of (-10 + g)/((-11)/176)?
2, 3
Suppose 0 = -3*h + 30 - 3. Let f be (-2)/9 + (-88)/h. Let b = 1 - f. List the prime factors of b.
11
Let o(q) = 8*q**3 - q - 1. Let f(l) = -33*l**3 + 5*l + 5. Let g(n) = 2*f(n) + 9*o(n). Let c be g(-1). Let j(i) = i**2 + 2*i. List the prime factors of j(c).
2, 3
Let t = 753 + -1431. Let j = -471 - t. List the prime factors of j.
3, 23
Let l(c) = 6*c**2 - 9*c - 12. List the prime factors of l(9).
3, 131
List the prime factors of 171/(-12)*(-24)/1.
2, 3, 19
Let r = 0 - -4. Suppose 2*v + 396 = -r*j, -408 = 2*j + 2*j - v. Let h = -72 - j. What are the prime factors of h?
29
Let k(o) = -2*o**3 - 8*o**2 + 11*o. Let z be k(-7). Suppose -480 = z*q - 222*q. List the prime factors of q.
2, 3
Let d = -67 + 35. Suppose -3*v = -12 - 18. List the prime factors of ((-5)/v)/(2/d).
2
Suppose 0 = 5*b + 5*m - 10*m - 25, 2*b + 15 = -3*m. Suppose -3*d + t = -586, b = 3*d - 3*t - 2*t - 578. What are the prime factors of d?
2, 7
Suppose -m + 5*l + 412 = 150, -4*m - 5*l + 998 = 0. List the prime factors of m.
2, 3, 7
Let i be 4*1/12*9. Suppose i*o = 687 - 285. What are the prime factors of o?
2, 67
Suppose 5*b = -2 + 7, -4*b = -z + 2717. List the prime factors of z.
3, 907
Suppose 6*z + 9 = -9. Let c = 3 + z. Suppose 5*t + 1 - 11 = c. List the prime factors of t.
2
Suppose 0 = 14*a + 634 - 2384. What are the prime factors of a?
5
Suppose -5*k + 132 = 2*s, -2*k - 5*s = -k - 8. Let f be 54/4*(-4)/(-6). Let a = f + k. List the prime factors of a.
37
Let r = 0 - -1. Suppose -2*n + 9 + r = 0. Suppose -5*d = h - 90, n*h + 54 = 2*d + d. List the prime factors of d.
2, 3
Let h(a) = a**2 + 22*a - 12. Let r be h(-19). Let q = r - -98. What are the prime factors of q?
29
Let m(p) = p - 10*p + 0*p**3 - 7*p + 11 - p**3 + 11*p**2. What are the prime factors of m(9)?
29
Let x = 863 + -635. What are the prime factors of x?
2, 3, 19
Suppose -6936 = -5*d - 2*l, 3*d - 670 - 3473 = 5*l. List the prime factors of d.
2, 3, 7, 11
Let p(y) = 35*y + 35. What are the prime factors of p(9)?
2, 5, 7
What are the prime factors of (-16)/(-64) - ((-473868)/(-16))/(-9)?
3, 1097
Let t(w) = 4*w**2 + w - 48. Let q be t(7). Suppose -4*m + 2 = -3*m. Suppose 3*c + m*c = q. List the prime factors of c.
31
What are the prime factors of 4045/4 + 30/(-24)?
2, 5, 101
Let n(f) = 11*f**3 - f**2 + 5*f - 6. Let g be n(1). Suppose 0 = z - 2*q - 120, -z + 4*q - 3*q = -117. Suppose -5*y + z = g. List the prime factors of y.
3, 7
Suppose q = -5*f + 13920, -5585 = -2*f + 4*q - q. What are the prime factors of f?
5, 557
Suppose -2804 = -3*t - 2*h - 11, -h = 0. What are the prime factors of t?
7, 19
Suppose 0 = 5*h - 7 - 3. Suppose i = -2*p - 16, -2*p = 8 - h. What are the prime factors of (-2552)/(-55) + 4/i?
2, 23
Suppose -25*v = -18*v - 1197. List the prime factors of v.
3, 19
List the prime factors of 2/6*(7821/9 - 2).
17
Suppose 4*s - 31 = 129. Let z = 274 - s. What are the prime factors of z?
2, 3, 13
Let s be -2*(0 + 9/(-2)). Let j = -19 - -1. List the prime factors of (15/s + -2)*j.
2, 3
Suppose 0 = -4*m + 6*m - 10. Suppose -m + 29 = -2*l + 2*f, 3*f = -5*l - 76. Let r = -6 - l. List the prime factors of r.
2
Let s(t) = -t**3 + 10*t**2 + 5*t + 4. What are the prime factors of s(8)?
2, 43
Let r(x) = -x + 13. Let h be r(12). Let f(o) = -23*o**2. Let l be f(h). Let j = l - -34. List the prime factors of j.
11
List the prime factors of 447*-2*10/(-15).
2, 149
Let v(k) = 54*k**3 + 16*k**2 - 9*k + 1. Let j(r) = 11*r**3 + 3*r**2 - 2*r. Let u(s) = -11*j(s) + 2*v(s). List the prime factors of u(-2).
2, 47
Suppose -4*m - 5 = -25, 3*m - 159 = -4*x. Let u = x + -31. Suppose -2*h + 66 = 3*l, -u*h + 124 = -h + 4*l. List the prime factors of h.
3
Let k be 2 - 6/(18/(-15)). List the prime factors of k + 80 - (-2 - -3).
2, 43
Let c = -152 + 341. What are the prime factors of c?
3, 7
Let z be (-6 + 4)*(-3)/2. What are the prime factors of -3 + 8/z - (-903)/9?
2, 5
Let d be -1 - (6 + -2 - (-12)/(-6)). List the prime factors of 10/d*(880/(-25) + -2).
2, 31
List the prime factors of 710 + (5 - (-1 - (1 - 12))).
3, 5, 47
What are the prime factors of (1008/294)/(2/357)?
2, 3, 17
Let i(c) = c**3 + 6*c**2 - 10*c - 1. Let q(r) be the third derivative of r**4/24 - r**3/6 + r**2. Let g be q(-6). Wha